{"id":68,"date":"2023-07-06T12:53:32","date_gmt":"2023-07-06T10:53:32","guid":{"rendered":"http:\/\/atelieramarillo.com\/?page_id=68"},"modified":"2025-09-30T18:17:30","modified_gmt":"2025-09-30T16:17:30","slug":"les-ateliers","status":"publish","type":"page","link":"https:\/\/atelieramarillo.com\/index.php\/les-ateliers\/","title":{"rendered":"Adultes"},"content":{"rendered":"\n<h4 class=\"wp-block-heading has-text-align-center\">Du 15 septembre 2025 au 21 juin 2026<\/h4>\n\n\n\n<p class=\"has-text-align-center\">Inscription possible toute l&#8217;ann\u00e9e<br>06 31 58 67 90 (Anna) ou 06 41 67 12 97 (Julie)<\/p>\n\n\n\n<h2 class=\"wp-block-heading has-large-font-size\">Ateliers Adultes<\/h2>\n\n\n\n<div class=\"wp-block-columns is-layout-flex wp-container-core-columns-is-layout-9d6595d7 wp-block-columns-is-layout-flex\">\n<div class=\"wp-block-column is-layout-flow wp-block-column-is-layout-flow\" style=\"flex-basis:100%\">\n<figure class=\"wp-block-table\"><table><tbody><tr><td class=\"has-text-align-center\" data-align=\"center\">Lundi<\/td><td class=\"has-text-align-center\" data-align=\"center\">Mardi<\/td><td class=\"has-text-align-center\" data-align=\"center\">Jeudi<\/td><td class=\"has-text-align-center\" data-align=\"center\">Vendredi<\/td><\/tr><tr><td class=\"has-text-align-center\" data-align=\"center\"><\/td><td class=\"has-text-align-center\" data-align=\"center\"><strong>&nbsp;Dessin &#8211; peinture<\/strong><br>10h \u2013 12h<br><em>avec Julie<\/em><\/td><td class=\"has-text-align-center\" data-align=\"center\"><strong>&nbsp;<\/strong><\/td><td class=\"has-text-align-center\" data-align=\"center\"><\/td><\/tr><tr><td class=\"has-text-align-center\" data-align=\"center\"><strong>Peinture (huile\/acrylique) <\/strong><br><strong>et dessin<\/strong><br>14h &#8211; 17h<br><em>avec Anna<\/em><\/td><td class=\"has-text-align-center\" data-align=\"center\"><strong>Encre<\/strong><br>14h30 \u2013 16h30<br>tous les 15 jours<br><em>avec Florence<\/em><\/td><td class=\"has-text-align-center\" data-align=\"center\"><strong>Atelier cr\u00e9atif<\/strong><br>14h30 \u2013 16h30<br> <em>avec Marie<\/em><\/td><td class=\"has-text-align-center\" data-align=\"center\"><strong>Atelier libre<\/strong><br>14h30 &#8211; 16h30<br><em>avec Anna<\/em><\/td><\/tr><tr><td class=\"has-text-align-center\" data-align=\"center\"><strong>Dessin peinture<\/strong><br>20h \u2013 22h<br><em>avec Julie<\/em><\/td><td class=\"has-text-align-center\" data-align=\"center\"><strong>Encre<\/strong><br>17h30 &#8211; 19h30<br>tous les 15 jours<br><em>avec Florence<\/em><\/td><td class=\"has-text-align-center\" data-align=\"center\"><\/td><td class=\"has-text-align-center\" data-align=\"center\"><\/td><\/tr><\/tbody><\/table><\/figure>\n\n\n\n<figure class=\"wp-block-table\"><table class=\"has-fixed-layout\"><tbody><tr><td><strong>Samedi <\/strong><\/td><td><strong>Dimanche<\/strong><\/td><\/tr><tr><td><\/td><td><strong>Encre<\/strong><br>10h30 &#8211; 16h30<br>Une fois par mois avec Florence<\/td><\/tr><tr><td><strong>Image anim\u00e9e<\/strong><br>TOUT LE WEEK-END<br>Matin 11h &#8211; 13h et <br>Apr\u00e8s-midi 14h &#8211; 16h<br>Une fois par mois avec Alice<\/td><td><strong>Image anim\u00e9e<\/strong><br>TOUT LE WEEK-END<br>Matin 11h &#8211; 13h et <br>Apr\u00e8s-midi 14h &#8211; 16h<br>Une fois par mois avec Alice<\/td><\/tr><tr><td><strong>Atelier cr\u00e9atif<br>Peinture, multitechnique<\/strong><br>14h &#8211; 16h<br>Ados &#8211; adultes<br>Une fois par mois avec Marie<\/td><td><\/td><\/tr><\/tbody><\/table><\/figure>\n<\/div>\n<\/div>\n\n\n\n<blockquote class=\"wp-block-quote is-layout-flow wp-block-quote-is-layout-flow\">\n<p><strong>COURS DE PEINTURE &#8211; DESSIN <\/strong>avec Anna<br>Expression et cr\u00e9ativit\u00e9, peinture \u00e0 l\u2019huile et\/ou acrylique.<br>Th\u00e8mes&nbsp;: portrait, corps, nature morte, paysage\u2026<br>\u00c9tudier les styles des ma\u00eetres et s\u2019en impr\u00e9gner.<\/p>\n\n\n\n<p><strong>COURS DE DESSIN &#8211; PEINTURE <\/strong>avec Julie<br>Bases et approfondissement en&nbsp;<strong>dessin&nbsp;<\/strong>(crayon, fusain, encre)&nbsp;et en&nbsp;<strong>peinture&nbsp;<\/strong>(aquarelle, acrylique). Th\u00e8mes : portrait, corps, nature morte, paysage et perspective, croquis sur le vif.<\/p>\n\n\n\n<p><strong>ATELIER LIBRE <\/strong>avec Anna ou Julie<br>L\u2019intervenante accompagne les participants sur une cr\u00e9ation, une technique, de leur choix&nbsp;(dessin, peinture, pastel\u2026).<br><\/p>\n\n\n\n<p><strong>ENCRE DE CHINE <\/strong>avec Florence<br>D\u00e9couverte des bases de la calligraphie pour une meilleure compr\u00e9hension de la peinture asiatique. Etude de la nature avec diff\u00e9rentes techniques picturales\u00a0: le trait, la t\u00e2che, les valeurs de l\u2019encre. Cr\u00e9ation de po\u00e8mes japonais, Ha\u00efku, et sa mise en image \u00e0 l\u2019encre de chine (noire et couleur).<br><br><strong>ATELIER CR<strong>\u00c9<\/strong>ATIF <\/strong>avec Marie<br>Atelier \u00e0 la s\u00e9ance ou \u00e0 la carte &#8211; Ados \/ adultes<br>Pour le mois de septembre, le th\u00e8me sera &#8220;le printemps au f\u00e9minin&#8221; ou elle vous accompagnera dans la r\u00e9alisation d&#8217;une illustration simple en techniques mixtes, bas\u00e9e sur le dessin d&#8217;un visage, d\u00e9cor\u00e9 avec des motifs floraux et v\u00e9g\u00e9taux d\u00e9coup\u00e9s et coll\u00e9s. Le th\u00e8me de l&#8217;atelier changera tous les mois.&#8221;<\/p>\n\n\n\n<p><strong>IMAGE ANIM\u00c9E avec Alice :<\/strong><br>\u00ab Conna\u00eetre toutes les \u00e9tapes de cr\u00e9ation d\u2019une s\u00e9quence anim\u00e9e : rythmes color\u00e9s, mise en sc\u00e8ne (story-board), cr\u00e9ation de personnages et de d\u00e9cors et enfin mise en mouvement n\u2019auront plus de secret pour les participants. \u00bb<\/p>\n<\/blockquote>\n\n\n\n<figure class=\"wp-block-gallery has-nested-images columns-default is-cropped wp-block-gallery-1 is-layout-flex wp-block-gallery-is-layout-flex\">\n<figure class=\"wp-block-image size-large\"><img loading=\"lazy\" decoding=\"async\" width=\"782\" height=\"877\" data-id=\"246\" src=\"http:\/\/atelieramarillo.com\/wp-content\/uploads\/2024\/06\/atelier-amarillo-langon-cours-peinture.jpg\" alt=\"atelier dessin et peinture adultes, langon, la r\u00e9ole, gironde\" class=\"wp-image-246\" srcset=\"https:\/\/atelieramarillo.com\/wp-content\/uploads\/2024\/06\/atelier-amarillo-langon-cours-peinture.jpg 782w, https:\/\/atelieramarillo.com\/wp-content\/uploads\/2024\/06\/atelier-amarillo-langon-cours-peinture-268x300.jpg 268w, https:\/\/atelieramarillo.com\/wp-content\/uploads\/2024\/06\/atelier-amarillo-langon-cours-peinture-768x861.jpg 768w\" sizes=\"auto, (max-width: 782px) 100vw, 782px\" \/><\/figure>\n\n\n\n<figure class=\"wp-block-image size-full\"><img loading=\"lazy\" decoding=\"async\" width=\"782\" height=\"877\" data-id=\"250\" src=\"http:\/\/atelieramarillo.com\/wp-content\/uploads\/2024\/06\/atelier-amarillo-langon-encre-de-chine-zoom.jpg\" alt=\"atelier encre de Chine adultes, langon,, gironde, Bordeaux\" class=\"wp-image-250\" srcset=\"https:\/\/atelieramarillo.com\/wp-content\/uploads\/2024\/06\/atelier-amarillo-langon-encre-de-chine-zoom.jpg 782w, https:\/\/atelieramarillo.com\/wp-content\/uploads\/2024\/06\/atelier-amarillo-langon-encre-de-chine-zoom-268x300.jpg 268w, https:\/\/atelieramarillo.com\/wp-content\/uploads\/2024\/06\/atelier-amarillo-langon-encre-de-chine-zoom-768x861.jpg 768w\" sizes=\"auto, (max-width: 782px) 100vw, 782px\" \/><\/figure>\n\n\n\n<figure class=\"wp-block-image size-large\"><img loading=\"lazy\" decoding=\"async\" width=\"1024\" height=\"803\" data-id=\"236\" src=\"http:\/\/atelieramarillo.com\/wp-content\/uploads\/2024\/06\/florence-schrobiltgen-impression-1024x803.jpg\" alt=\"impression cr\u00e9ative, atelier dessin et peinture adultes, langon, Bordeaux, Gironde\" class=\"wp-image-236\" srcset=\"https:\/\/atelieramarillo.com\/wp-content\/uploads\/2024\/06\/florence-schrobiltgen-impression-1024x803.jpg 1024w, https:\/\/atelieramarillo.com\/wp-content\/uploads\/2024\/06\/florence-schrobiltgen-impression-300x235.jpg 300w, https:\/\/atelieramarillo.com\/wp-content\/uploads\/2024\/06\/florence-schrobiltgen-impression-768x602.jpg 768w, https:\/\/atelieramarillo.com\/wp-content\/uploads\/2024\/06\/florence-schrobiltgen-impression-1200x941.jpg 1200w, https:\/\/atelieramarillo.com\/wp-content\/uploads\/2024\/06\/florence-schrobiltgen-impression.jpg 1209w\" sizes=\"auto, (max-width: 1024px) 100vw, 1024px\" \/><\/figure>\n\n\n\n<figure class=\"wp-block-image size-large\"><img loading=\"lazy\" decoding=\"async\" width=\"768\" height=\"1024\" data-id=\"74\" src=\"http:\/\/atelieramarillo.com\/wp-content\/uploads\/2023\/07\/WP_20181004_12_00_52_Pro-768x1024.jpg\" alt=\"atelier dessin et peinture adultes, langon, la r\u00e9ole, gironde\" class=\"wp-image-74\" srcset=\"https:\/\/atelieramarillo.com\/wp-content\/uploads\/2023\/07\/WP_20181004_12_00_52_Pro-768x1024.jpg 768w, https:\/\/atelieramarillo.com\/wp-content\/uploads\/2023\/07\/WP_20181004_12_00_52_Pro-225x300.jpg 225w, https:\/\/atelieramarillo.com\/wp-content\/uploads\/2023\/07\/WP_20181004_12_00_52_Pro-1152x1536.jpg 1152w, https:\/\/atelieramarillo.com\/wp-content\/uploads\/2023\/07\/WP_20181004_12_00_52_Pro-1536x2048.jpg 1536w, https:\/\/atelieramarillo.com\/wp-content\/uploads\/2023\/07\/WP_20181004_12_00_52_Pro-1200x1600.jpg 1200w, https:\/\/atelieramarillo.com\/wp-content\/uploads\/2023\/07\/WP_20181004_12_00_52_Pro-1980x2640.jpg 1980w, https:\/\/atelieramarillo.com\/wp-content\/uploads\/2023\/07\/WP_20181004_12_00_52_Pro-scaled.jpg 1920w\" sizes=\"auto, (max-width: 768px) 100vw, 768px\" \/><figcaption class=\"wp-element-caption\">atelier dessin naturaliste<\/figcaption><\/figure>\n<\/figure>\n\n\n\n<h2 class=\"wp-block-heading has-large-font-size\">Tarifs<\/h2>\n\n\n\n<div class=\"wp-block-columns is-layout-flex wp-container-core-columns-is-layout-9d6595d7 wp-block-columns-is-layout-flex\">\n<div class=\"wp-block-column is-layout-flow wp-block-column-is-layout-flow\">\n<p><strong>Cours de peinture<\/strong> \/<br><strong>Atelier libre 3 heures :<\/strong><br>A l\u2019ann\u00e9e\u00a0: 540\u20ac<br>soit 5,60\u20ac l\u2019heure<br>Au trimestre\u00a0:<br>Trim. 1\u00a0: 237\u20ac<br>Trim. 2\u00a0: 198\u20ac<br>Trim. 3\u00a0: 198\u20ac<br><br><strong>Encre de Chine<\/strong><br>Cours du Mardi, 2 heures<br>Une fois tous les 15 jours<br>Carte de 10 s\u00e9ances : <br>220 \u20ac \/ \u00e0 la s\u00e9ance : 30\u20ac<br><br><strong>Encre de Chine<\/strong><br>Journ\u00e9e mensuelle du dimanche : 70 \u20ac<br><br><strong>Image anim\u00e9e<\/strong><br>Atelier de <strong>8 heures sur un week-end<\/strong><br>Au week-end : 120 \u20ac<br>A l\u2019ann\u00e9e\u00a0: 576 \u20ac<\/p>\n<\/div>\n\n\n\n<div class=\"wp-block-column is-layout-flow wp-block-column-is-layout-flow\">\n<p><strong>Cours de 2 heures :<\/strong><br>A l\u2019ann\u00e9e&nbsp;: 450\u20ac<br>soit 7\u20ac l\u2019heure<br>Au trimestre&nbsp;:<br>Trim. 1&nbsp;: 192\u20ac (12 s\u00e9ances)<br>Trim. 2&nbsp;: 160\u20ac (10 s\u00e9ances)<br>Trim. 3&nbsp;: 160\u20ac (10 s\u00e9ances)<br><br><br><strong>Cours \u00e0 la carte pour les <br>ateliers de 3 heures (Lundi, vendredi, samedi) :<\/strong><br>&gt; tarifs \u00e0 venir<br><br><strong>Cours \u00e0 la carte pour les <br>ateliers cr\u00e9atifs de 2 heures (jeudi) :<\/strong><br>S\u00e9ance : 30 \u20ac<br>Carte de 5 s\u00e9ances: 140 euros<br><br><br><\/p>\n<\/div>\n<\/div>\n\n\n\n<blockquote class=\"wp-block-quote is-layout-flow wp-block-quote-is-layout-flow\">\n<p>Adh\u00e9sion \u00e0 l&#8217;association : 20\u20ac \u00e0 l&#8217;ordre de Atelier Amarillo<\/p>\n<\/blockquote>\n\n\n\n<p><em>Le mat\u00e9riel de base et de d\u00e9couverte est fourni<\/em><\/p>\n\n\n\n<p><em>Toute demande d&#8217;inscription n\u00e9cessite une pr\u00e9-inscription en indiquant la formule d&#8217;engagement choisie.<\/em><\/p>\n\n\n\n<p><em>&nbsp;Les engagements \u00e0 l&#8217;ann\u00e9e sont prioritaires.<\/em><\/p>\n\n\n\n<p><em>La&nbsp;premi\u00e8re s\u00e9ance peut \u00eatre effectu\u00e9e \u00e0 titre d&#8217;essai. Elle est prise en compte qu&#8217;en cas de confirmation d&#8217;inscription.<\/em><\/p>\n\n\n\n<p><em>Les cours ne sont pas remboursables.&nbsp;Une s\u00e9ance manqu\u00e9e peut demander \u00e0 \u00eatre rattrap\u00e9e, \u00e0 titre exceptionnel,&nbsp;sur un autre cr\u00e9neau sous r\u00e9serve de places disponibles.<\/em><\/p>\n\n\n\n<p><em>Possibilit\u00e9 d&#8217;\u00e9chelonner le paiement par encaissement diff\u00e9r\u00e9,&nbsp;dans la limite de 3 fois, avec remise de la totalit\u00e9 des ch\u00e8ques \u00e0 l&#8217;inscription.<\/em><\/p>\n\n\n\n<figure class=\"wp-block-gallery has-nested-images columns-default is-cropped wp-block-gallery-2 is-layout-flex wp-block-gallery-is-layout-flex\">\n<figure class=\"wp-block-image size-large\"><img loading=\"lazy\" decoding=\"async\" width=\"1024\" height=\"768\" data-id=\"234\" src=\"http:\/\/atelieramarillo.com\/wp-content\/uploads\/2024\/06\/florence-schrobiltgen-encre-de-chine-6-1024x768.jpg\" alt=\"encre de Chine, atelier, atelier dessin et peinture adultes, langon, gironde, Bordeaux\" class=\"wp-image-234\" srcset=\"https:\/\/atelieramarillo.com\/wp-content\/uploads\/2024\/06\/florence-schrobiltgen-encre-de-chine-6-1024x768.jpg 1024w, https:\/\/atelieramarillo.com\/wp-content\/uploads\/2024\/06\/florence-schrobiltgen-encre-de-chine-6-300x225.jpg 300w, https:\/\/atelieramarillo.com\/wp-content\/uploads\/2024\/06\/florence-schrobiltgen-encre-de-chine-6-768x576.jpg 768w, https:\/\/atelieramarillo.com\/wp-content\/uploads\/2024\/06\/florence-schrobiltgen-encre-de-chine-6.jpg 1066w\" sizes=\"auto, (max-width: 1024px) 100vw, 1024px\" \/><figcaption class=\"wp-element-caption\">atelier encre de Chine<\/figcaption><\/figure>\n<\/figure>\n\n\n\n<figure class=\"wp-block-image size-full\"><img loading=\"lazy\" decoding=\"async\" width=\"790\" height=\"444\" src=\"http:\/\/atelieramarillo.com\/wp-content\/uploads\/2025\/08\/sumie-couleur-encre-gironde-france-1.png\" alt=\"\" class=\"wp-image-450\" srcset=\"https:\/\/atelieramarillo.com\/wp-content\/uploads\/2025\/08\/sumie-couleur-encre-gironde-france-1.png 790w, https:\/\/atelieramarillo.com\/wp-content\/uploads\/2025\/08\/sumie-couleur-encre-gironde-france-1-300x169.png 300w, https:\/\/atelieramarillo.com\/wp-content\/uploads\/2025\/08\/sumie-couleur-encre-gironde-france-1-768x432.png 768w\" sizes=\"auto, (max-width: 790px) 100vw, 790px\" \/><figcaption class=\"wp-element-caption\">Encre de Chine couleur<\/figcaption><\/figure>\n\n\n\n<figure class=\"wp-block-image size-full\"><img loading=\"lazy\" decoding=\"async\" width=\"650\" height=\"488\" src=\"http:\/\/atelieramarillo.com\/wp-content\/uploads\/2023\/08\/atelier-amarillo-dessin-portrait-proche-langon.jpg\" alt=\"Portrait au fusain, Langon, la r\u00e9ole\" class=\"wp-image-119\" srcset=\"https:\/\/atelieramarillo.com\/wp-content\/uploads\/2023\/08\/atelier-amarillo-dessin-portrait-proche-langon.jpg 650w, https:\/\/atelieramarillo.com\/wp-content\/uploads\/2023\/08\/atelier-amarillo-dessin-portrait-proche-langon-300x225.jpg 300w\" sizes=\"auto, (max-width: 650px) 100vw, 650px\" \/><\/figure>\n","protected":false},"excerpt":{"rendered":"<p>Du 15 septembre 2025 au 21 juin 2026 Inscription possible toute l&#8217;ann\u00e9e06 31 58 67 90 (Anna) ou 06 41 67 12 97 (Julie) Ateliers Adultes Lundi Mardi Jeudi Vendredi &nbsp;Dessin &#8211; peinture10h \u2013 12havec Julie &nbsp; Peinture (huile\/acrylique) et dessin14h &#8211; 17havec Anna Encre14h30 \u2013 16h30tous les 15 joursavec Florence Atelier cr\u00e9atif14h30 \u2013 16h30 [&hellip;]<\/p>\n","protected":false},"author":1,"featured_media":0,"parent":0,"menu_order":0,"comment_status":"closed","ping_status":"closed","template":"","meta":{"footnotes":""},"class_list":["post-68","page","type-page","status-publish","hentry"],"_links":{"self":[{"href":"https:\/\/atelieramarillo.com\/index.php\/wp-json\/wp\/v2\/pages\/68","targetHints":{"allow":["GET"]}}],"collection":[{"href":"https:\/\/atelieramarillo.com\/index.php\/wp-json\/wp\/v2\/pages"}],"about":[{"href":"https:\/\/atelieramarillo.com\/index.php\/wp-json\/wp\/v2\/types\/page"}],"author":[{"embeddable":true,"href":"https:\/\/atelieramarillo.com\/index.php\/wp-json\/wp\/v2\/users\/1"}],"replies":[{"embeddable":true,"href":"https:\/\/atelieramarillo.com\/index.php\/wp-json\/wp\/v2\/comments?post=68"}],"version-history":[{"count":57,"href":"https:\/\/atelieramarillo.com\/index.php\/wp-json\/wp\/v2\/pages\/68\/revisions"}],"predecessor-version":[{"id":477,"href":"https:\/\/atelieramarillo.com\/index.php\/wp-json\/wp\/v2\/pages\/68\/revisions\/477"}],"wp:attachment":[{"href":"https:\/\/atelieramarillo.com\/index.php\/wp-json\/wp\/v2\/media?parent=68"}],"curies":[{"name":"wp","href":"https:\/\/api.w.org\/{rel}","templated":true}]}}